.
10
Let b = -32 - 1. Let i = 47 + b. What is the highest common divisor of i and 126?
14
Let k(o) = -o**2 + 11*o - 8. Let f be k(10). Suppose -f*l - 11 + 31 = 0. What is the greatest common divisor of 10 and l?
10
Suppose 3*y + 4 = 13. Suppose 25 = y*n + 2*n. Suppose 0 = -0*g + 2*g - n*v - 85, -3*g - 5*v + 90 = 0. Calculate the greatest common factor of g and 7.
7
Let d(w) = -w**3 + 7*w**2 + 1. Let x be d(7). Suppose 1 = -5*f + 6. What is the highest common divisor of f and x?
1
Let p(w) = 13*w**2 - 2*w - 2. Let t be p(7). Suppose -8*k + 4*k + z = -496, -t = -5*k + z. What is the greatest common divisor of 25 and k?
25
Let k = -4 + 83. Let o(m) = -m**3 + 7*m**2 - 9*m + 2. Let h be o(6). Let f be k/4 + (-4)/h. Calculate the greatest common factor of f and 50.
10
Suppose 0 = 4*y + y - 2*g - 120, 0 = 3*y + 4*g - 72. Suppose 0 = -3*d - 0*d + 720. What is the greatest common factor of y and d?
24
Suppose 3 = 3*b - 6. Suppose -b*v + 0*v = -273. Suppose -v = -2*y - 5*m, -12 - 163 = -5*y - 2*m. Calculate the greatest common factor of 22 and y.
11
Suppose 0 = 3*r - 8 + 2. Let p be (r - 3)*(0 - 4). Suppose 5 = 2*l + 4*s + 13, 0 = -4*l - 4*s - 4. Calculate the greatest common divisor of p and l.
2
Let g be (93/(-6) - 0)/(3/(-6)). Calculate the greatest common divisor of g and 31.
31
Let c(l) = l + 9. Let h be c(-9). Suppose 2*u = -h*u + 54. Suppose -261 + u = -2*f. What is the highest common factor of 13 and f?
13
Suppose 22 = -3*i - 20. Let t be 2 + (-7)/(i/48). Let n = 80 + -41. Calculate the greatest common factor of n and t.
13
Let a(i) = -2*i**2 + 20*i - 10. Let c be a(9). What is the highest common factor of 28 and c?
4
Let u(y) = 5*y + 6. Let x be u(4). Calculate the highest common divisor of 39 and x.
13
Let w = -12 + 28. What is the greatest common divisor of 16 and w?
16
Suppose 3*x - 132 + 30 = 0. Suppose j - x = -j. Let n be -2 - ((-2)/1 + -17). Calculate the highest common factor of j and n.
17
Suppose 0 = 2*g - 0*g. Suppose 4*w + 0*w - 12 = g. Let i be (-2 + 94/3)*w. Calculate the greatest common factor of i and 11.
11
Suppose 0 = -3*y + 11 + 334. Let d = y - 35. Calculate the highest common factor of d and 16.
16
Let n be -11*(-4 - 8/(-4)). Let b(s) = -s**3 - s**2 - s + 16. Let p be b(0). Let v = n - p. Calculate the greatest common factor of 2 and v.
2
Suppose 0 = -6*v - 0*v + 48. What is the highest common divisor of 8 and v?
8
Let g = 13 + -8. Let x(c) = c**2 + 4*c + 4. Let b be x(-3). What is the greatest common factor of g and b?
1
Let f(u) = u**3 - 4*u**2 + u - 4. Let z be f(5). Let t be 4*z + (6 - 6). What is the greatest common divisor of 13 and t?
13
Let n(f) = 198*f**3 - f**2 + f. Let t be n(1). Calculate the greatest common divisor of t and 22.
22
Let x be ((-2)/((-4)/(-22)))/(-1). Calculate the highest common factor of 99 and x.
11
Suppose -m = m + o - 132, 0 = -4*o + 8. Let x(q) = -q**2 - 5*q + 5. Let w be x(5). Let v = w + m. Calculate the highest common divisor of v and 30.
10
Suppose -60 = -11*w + 8*w. Calculate the highest common divisor of w and 30.
10
Let q = -6 - -9. Suppose 0 = y + q*y - 20. Let o be 223/9 + 4/18. Calculate the greatest common factor of o and y.
5
Let y be (-3 - (-11)/3)/(4/192). Calculate the greatest common divisor of y and 4.
4
Let t(z) = 7*z**3 - 3*z**2 + 3*z - 3. Let q be t(3). Suppose 2*h - 7*h = -5*b - 240, 4*b - q = -4*h. What is the highest common divisor of h and 9?
9
Suppose -5*w + 45 = -2*w. What is the highest common divisor of w and 15?
15
Let l = -2 - -6. Suppose -l*z - 22 = -118. Suppose -3*u + r + 23 = -90, -4*u = 2*r - 134. What is the highest common divisor of z and u?
12
Let w = 12 - -24. Suppose -25 = -5*o, -3*o = -5*b + 6*b - 43. Let n be 344/b + 4/(-14). What is the highest common divisor of n and w?
12
Let u(a) = a**3 + 4*a**2. Let m be u(-3). Let x = 72 + 0. Calculate the greatest common factor of x and m.
9
Suppose -3*x - 2*x - 2*l = -30, -3*x = -4*l - 44. Let m be (6/x)/((-6)/(-24)). What is the greatest common divisor of 3 and m?
3
Let u = -1 - -35. Let o = u - 24. What is the greatest common divisor of 10 and o?
10
Let z be (-55 - 1)/(-2)*196/16. What is the highest common factor of 49 and z?
49
Let s be 0*((-1)/2 - -1). Suppose 4*h - 2*m = -1 + 51, -2*h + 3*m + 31 = s. Calculate the greatest common divisor of 33 and h.
11
Suppose 0 = -2*r - 1 + 19. Let j = 14 - r. Suppose 5*o - 486 = -4*c, -j*o - c + 0*c + 489 = 0. Calculate the highest common factor of o and 14.
14
Let b = 9 - -3. What is the highest common factor of b and 60?
12
Let g = -174 + 249. Let f be 3*(0 - -1 - -4). What is the highest common factor of g and f?
15
Suppose -4*y + 21 = b, y - 4*y - 31 = -2*b. Let c be ((-2)/(-5))/(3/255). What is the highest common factor of c and b?
17
Suppose 0 = -q - 4, -k - 3*q + 10 = 3. Let z = k + -10. What is the highest common divisor of z and 99?
9
Suppose 0 = 2*t - 7*t + 25. What is the greatest common divisor of t and 45?
5
Let w = 88 - 33. Calculate the greatest common factor of 5 and w.
5
Suppose 4 = 2*r + 4*n - 12, 3*n - 9 = 0. Suppose r*o + m - 379 = -2*o, -m = o - 91. What is the greatest common divisor of o and 12?
12
Let f(c) = -14*c - 14. Let p be f(-4). What is the greatest common divisor of 14 and p?
14
Let d(o) = -o**3 - 12*o**2 - 18*o - 45. Let n be d(-11). Let k = 8 - 0. Calculate the highest common factor of k and n.
8
Let t be 14/(-4)*-28 + -2. Suppose -2*w + t = w. Calculate the highest common factor of 16 and w.
16
Let t(u) = -u**3 + 6*u**2 + 6*u + 8. Let c be t(7). Let y be c - 6*(-4)/3. Calculate the highest common divisor of y and 45.
9
Suppose -14*f = -10*f - 132. What is the highest common divisor of 99 and f?
33
Suppose r + 4 = 11. Calculate the highest common divisor of 49 and r.
7
Suppose 9*o + 102 = 11*o. What is the highest common divisor of 68 and o?
17
Suppose -156 = 5*u - 581. Calculate the highest common factor of 10 and u.
5
Let z be -2*-18*(40/(-12) + 4). What is the greatest common factor of 60 and z?
12
Suppose 0 = 2*l - 3*v + 1, -5*l + 11 + 29 = v. Let s = 14 - -14. Calculate the highest common factor of l and s.
7
Let j = 33 - 15. Suppose r + 5*k + 19 = 0, 3*r = -3*k + 5 - 2. Calculate the greatest common factor of r and j.
6
Suppose -4*v - 5*g + 59 = 0, -3*v - 2*g + 68 = -3*g. Suppose -3*s - f = -35, -2*s + v = 6*f - 3*f. What is the greatest common factor of s and 30?
6
Let z be 10*3*(5 - 55/15). Calculate the greatest common divisor of 5 and z.
5
Let v = 62 + -42. Suppose 6*p - 2*g - 32 = p, -4*p - 4*g + v = 0. What is the greatest common factor of p and 12?
6
Let v(m) = -m**3 - m**2 + 4*m - 2. Let s be v(-3). Calculate the greatest common divisor of s and 16.
4
Let y be (2/(-2))/(1/7). Let f = -6 - y. Suppose l + 5 = 2*t, 3*l - 9 = -0*t - 2*t. What is the greatest common factor of l and f?
1
Let s be 0 + (4 - 7) + 19. Suppose 3*g - 78 = -3*q, g = 3*q + 2*q + 14. Calculate the highest common divisor of g and s.
8
Suppose 10*k - 26 = 9*k. What is the greatest common divisor of 104 and k?
26
Let p = -11 - -19. Calculate the greatest common divisor of 56 and p.
8
Suppose -5*j + j + 448 = 0. Let n be -3*(24/(-9) - 2). Calculate the highest common factor of j and n.
14
Let i(y) = y**2 + 4*y + 4. Let x be i(-3). Let d be -3*x*(2 + -5). What is the highest common factor of d and 9?
9
Suppose -b = -2*z - z - 74, -92 = 4*z - 3*b. Let f be (-1972)/(-26) - 4/z. Calculate the highest common factor of 19 and f.
19
Let v = -10 - -35. Suppose g = -g + 20. What is the highest common factor of g and v?
5
Suppose 0 = f + 3 - 8. Suppose 5*x - f*z = 177 + 33, 0 = 2*z. What is the highest common divisor of x and 21?
21
Suppose 34 = 2*j - y - 52, 0 = 2*j + 4*y - 106. Let z(d) = 6*d**2 + 2*d - 2. Let h be z(-2). What is the highest common divisor of j and h?
9
Let j = -1 - -25. Calculate the greatest common divisor of j and 36.
12
Let r(y) = 2*y**2 + 4*y + 6. Let h be r(-5). Suppose -2 - 3 = -v. Let f be (4 - (3 - v)) + 3. What is the greatest common divisor of h and f?
9
Suppose -4*w = 8 - 20. Suppose w + 2 = 5*c. Suppose 0 = i - 4 - 4. Calculate the greatest common divisor of c and i.
1
Suppose -m + 3*b = 6, 0 = 4*m + 5*b - 17 - 10. Suppose 4 = m*v - 2. What is the highest common divisor of v and 3?
1
Let i(d) = -d**3 - d + 8. Let p be i(0). Calc